ctors of f?
2, 277
Let n = 841 + -241. Suppose -10*a = 2*a - n. List the prime factors of a.
2, 5
Let o = -8 + 16. Let h(m) = -m - 19. Let a be h(o). Let x = 47 + a. What are the prime factors of x?
2, 5
Let m = 51 + 51. Suppose m = 4*b - b. List the prime factors of b.
2, 17
Let k be 1/7 - (-624)/91. Suppose 3*l = -5*t + 71, 0 = 2*l + 2*t - 61 + k. List the prime factors of l.
2
Let t(p) = -p**2 + 6*p + 10. Let x be t(6). List the prime factors of (-12)/x*(-355)/2.
3, 71
Let n be (1 - -7)/(-2) - -60. Let c be 2 + -4 + 1 + -2. What are the prime factors of (0 + c)/((-6)/n)?
2, 7
Let f be (-8)/(3 + (-4)/(-24)*-22). Suppose 9*o + 15 = f*o. What are the prime factors of o?
5
Let h(k) = 3*k + 26. Let t be h(-5). Suppose 2*d - 3*a - t = -2*a, 5 = a. List the prime factors of d.
2
What are the prime factors of 2/((-18352)/(-4584) + -4)?
3, 191
Let h(t) = 2*t + 22. Let x be h(-10). Suppose x*v = 257 + 21. List the prime factors of v.
139
Suppose 3*f - 3 = 4*y - 5*y, -5*y - 5*f = -25. Let j(h) = 7*h + 6 + 0*h + 4 - y*h. What are the prime factors of j(-6)?
2
Let g = -27 + 25. Let p be (-385)/g - (-5)/10. Suppose 2*w - 2*d = 166 - 72, 0 = -4*w + 5*d + p. What are the prime factors of w?
2, 3, 7
Let a = 15 + -21. Let u be (3 + a + 3)/1. Suppose 38 = 2*q - u*q. What are the prime factors of q?
19
Let n(d) = d + 1. Let w be n(4). Suppose -w*x = -25, 2*x + 466 - 152 = 3*p. Suppose 2*b = -2*z + p, -3*z + 272 = 3*b + 2*b. List the prime factors of b.
5, 11
Let l = 100 - -183. What are the prime factors of l?
283
Let y(w) = -w**3 + 39*w**2 + 44*w + 74. What are the prime factors of y(40)?
2, 3, 13
List the prime factors of -4 - ((-108)/36 + 3044/(-2)).
3, 13
Let v(d) = 5*d - 3. Let k be v(1). Suppose 5*g + 6*x - 241 = k*x, 0 = -3*g - 4*x + 151. List the prime factors of g.
3, 5
Suppose -b - 5*s = 23, 2*b + 2*b + 12 = -4*s. Suppose -3*j - j + 3*h = -7, j - 2*h = -b. List the prime factors of j/6 + (-93)/(-9).
11
Suppose -5*d + 2*h + 3 = 0, -4*d = -5*h - 0 + 1. What are the prime factors of (-49 - 1)/(-1 - d)?
5
Let t(u) = -60*u**3 - 2*u**2 - 2*u. Let h be t(-2). Let g = 24 + -24. Suppose g = -7*n - 0*n + h. List the prime factors of n.
2, 17
Let r = 0 - -4. Suppose -i = r*j - 120, -i + 4*j - 29 + 173 = 0. List the prime factors of i.
2, 3, 11
Let i(o) = o**2 - 26*o - 264. What are the prime factors of i(46)?
2, 41
Let g = -17 - 36. Let u = 89 + g. What are the prime factors of u?
2, 3
Let h = -101 + 230. List the prime factors of h.
3, 43
Suppose 2*a - 3246 = -a. Suppose -7*r + a - 382 = 0. What are the prime factors of r?
2, 5
Let a be 19 + (0 - (-2)/(-2)). Let o(v) = -v**3 - 2*v**2 + 6*v - 20. Let s be o(-4). Let j = a + s. List the prime factors of j.
2, 3
What are the prime factors of (-6)/(-7) + (-1436)/(-7)?
2, 103
Let v(p) = 4*p + 20. Let z(h) = -h**3 + 5*h**2 - 5*h + 10. Let w be z(4). Let f be v(w). Let t = f + 10. What are the prime factors of t?
2, 3
Suppose -668 = -4*i + 4*p, -2*i + 233 + 110 = -5*p. What are the prime factors of i?
2, 41
Let a be (-2 + 3 + -3)*-1. Suppose 3*h + 40 = 2*v - 2*h, a*h - 60 = -3*v. List the prime factors of v.
2, 5
Suppose 3*z + 0*w - w = 4, -16 = -4*z + 4*w. Let n = 3 + z. Suppose 2*q = n*q - 28. List the prime factors of q.
2, 7
Suppose 0 = -5*w + 10*w - 1190. Suppose -2*n = -2*j - 160, w = 3*n - 0*j - j. What are the prime factors of n?
79
Let b = -81 - 112. Suppose -3*j - 2*n = -835, -4*j = -6*j - 5*n + 564. Let c = b + j. List the prime factors of c.
2, 3, 7
List the prime factors of (-40687)/(-16) + 7/112.
2543
What are the prime factors of 18/3 + 4265*1?
4271
Let v be (-8)/(-44) - 258/(-33). Suppose 0 = 3*t + 2*l - v - 4, 0 = -3*t + l + 3. Suppose -4*o + 5*y + 65 = 0, o + t*y - 6 = 7. What are the prime factors of o?
3, 5
Let w(x) be the first derivative of -21*x**2/2 + 3*x - 13. What are the prime factors of w(-3)?
2, 3, 11
Suppose -5*p + 20 = 5, 2*d = p + 19. Suppose -2*w + 5 = d. Let a(r) = -r**3 - r**2 - 4*r - 3. What are the prime factors of a(w)?
3
Suppose 4*w - p = p + 11386, -2*w + 2*p + 5698 = 0. List the prime factors of w.
2, 3, 79
Suppose 5*z = 91 - 6. Suppose -x + 3*x - 3*n - z = 0, x = 3*n + 4. Let s = 29 - x. List the prime factors of s.
2
Let i be (((-56)/6)/1)/(21/819). What are the prime factors of 30/4*i/(-65)?
2, 3, 7
Suppose 14*h = 344 + 2792. List the prime factors of h.
2, 7
Let i(d) = -83*d + 1. Let v(x) = -125*x + 1. Let n(s) = -7*i(s) + 5*v(s). Let b be n(-1). What are the prime factors of b - (-4)/(-5 - -4)?
2, 19
Let j(w) = -w**3 + 29*w**2 + 52. What are the prime factors of j(28)?
2, 11, 19
Let t be (1 + 21/2)/((-10)/(-20)). Suppose 25*a - t*a = 66. List the prime factors of a.
3, 11
Let d = -6974 - -3600. List the prime factors of (-1 - 5/(-6)) + d/(-12).
281
Suppose w + 42 = s, -34 = -s - 4*w + 28. Suppose 5*v - 4*x - s = 0, -5*x - 9 - 23 = -2*v. What are the prime factors of (-6)/18 - (-212)/v?
5, 7
Let o(p) = -4*p - 11 + 1 - 4. List the prime factors of o(-15).
2, 23
Let p(i) = 7*i - 57. Let h be p(11). List the prime factors of 6/10 + 4868/h.
2, 61
Let r(a) = 2*a - 10. Let v be r(6). Suppose 0 = 2*f - 0 - v. Suppose -9 - f = -y + k, -y = 3*k - 22. What are the prime factors of y?
13
Suppose 4*j = -4*d + 228, -2*j + 226 = 4*d - 0*j. Let h = d - 0. Suppose -5*t = -4*x + h + 15, -3*t + 39 = x. List the prime factors of x.
2, 3
Let a = 9116 + -5971. List the prime factors of a.
5, 17, 37
Suppose 792 = p + r, -3*p + 2404 = 3*r - 7*r. Suppose 7*k = p - 124. Let c = -60 + k. What are the prime factors of c?
2, 3
Suppose -6 + 61 = 11*m. Suppose -m*l - 190 = -675. List the prime factors of l.
97
Suppose m - 5 = h, 3*m - 2*m = -3*h - 7. Let q(x) = x**3 + 3*x**2 + 3*x. Let f be q(-2). What are the prime factors of -2 - 28/f - h?
3, 5
Let k = -3 + 4. Let p be (-11 - k)*(-4)/6. Suppose 4*s - p = 0, f - 2*s - 13 = -4*s. What are the prime factors of f?
3
Suppose -48 = 3*d + 558. Let a = -133 - d. List the prime factors of a.
3, 23
Suppose 0 = i + 10 + 2. Suppose 3*x = 6, 0 = 2*a + 2*x - x - 2. Let s = a - i. List the prime factors of s.
2, 3
Let h = -6030 + 8671. List the prime factors of h.
19, 139
Let w be 16/(-72) - 1276/9. Let g be w/(-4) + 5/(-10). Suppose 5*k + 0*k = g. What are the prime factors of k?
7
Let f(x) = -4*x**3 - 4*x - 6. Let c(q) = 5*q - 62. Let i be c(12). What are the prime factors of f(i)?
2, 17
Suppose -5*v - 8*i + 6*i + 214 = 0, -v + 46 = 2*i. What are the prime factors of v?
2, 3, 7
Let y = -4780 - -6839. List the prime factors of y.
29, 71
Let b(v) = v**2 - 9*v + 13. Let d be b(10). Suppose p + d - 65 = 0. Suppose 5*m = -p + 17, m = 5*w - 335. List the prime factors of w.
2, 3, 11
Let d be (999/74)/(2/4). Suppose -2*k + 65 = -d. List the prime factors of k.
2, 23
List the prime factors of 130/(-260) - (-19014)/4.
7, 97
Let l be 1 + 0 - 14/(-7). Suppose -k = 3*f - 199, -4*k - 171 = -l*f + 23. List the prime factors of (2/(-2) - -5) + f.
2, 5, 7
Suppose -5*i - c + 3*c = -9281, c = -3*i + 5562. What are the prime factors of i?
5, 7, 53
Suppose 3*m = 3*p + 18015, -4*m = 4*p - 13541 - 10463. What are the prime factors of m?
3, 23, 29
List the prime factors of 37936/44 - (-14)/(-77).
2, 431
Suppose -36*m + 5636 = -48400. What are the prime factors of m?
19, 79
Let i(g) = -5*g**3 + 4*g**2 + 7*g - 8. Let w(c) = -9*c**3 + 8*c**2 + 13*c - 15. Let x(s) = 11*i(s) - 6*w(s). List the prime factors of x(-4).
2, 3
Let f(r) = -6*r**2 + 4*r - 23. Let y be f(5). List the prime factors of -8 - y - (-2)/1.
3, 7
Let c = -60 + 57. List the prime factors of 2/(c + 812/268).
67
What are the prime factors of 2*(-204)/36*-93?
2, 17, 31
Suppose i - 6 + 1 = 0. Suppose -189 + 9 = -i*k. List the prime factors of k.
2, 3
Let k = 4119 + -1627. List the prime factors of k.
2, 7, 89
Suppose 16*d - 3168 = 3008. List the prime factors of d.
2, 193
Let v be 0 + 1 + 60/1. Suppose -4*p = p + p. Suppose o = -p*o + v. List the prime factors of o.
61
Let d(l) = 2*l**3 - l**2 - 3*l + 1. Let x be d(2). Let g(s) be the second derivative of 2*s**3/3 - 3*s**2 - 2*s. What are the prime factors of g(x)?
2, 11
Let m = -66 + -38. What are the prime factors of 3740/26 - 16/m?
2, 3
Let g(a) = -3*a - 5. Let d be g(-2). Let i(q) = 52*q**2 + q. List the prime factors of i(d).
53
Suppose 0 = 4*y - 2 - 14, 4*u - y = 0. 